-t + 26. Determine x(v).
-2
Let l(c) be the third derivative of c**4/8 - 158*c**2. Suppose 23*h + 20 = 18*h. Calculate l(h).
-12
Let f(l) = -2*l - 37. Let m(h) = -5*h - 127. Let w(t) = 7*f(t) - 2*m(t). Determine w(5).
-25
Let u(w) be the second derivative of -w**6/360 - 3*w**5/40 - 7*w**4/24 - w**3/6 - w**2 + 67*w. Let t(y) be the second derivative of u(y). Give t(-8).
1
Suppose -3*p + 11 = -16. Suppose 0 = -p*x + 4*x + 180. Let b = x - 33. Let m(l) = -3*l + 4. Calculate m(b).
-5
Let f be (-102)/187 - (-54)/(-22). Let p(o) = o**2 - o + 1. Let a(u) = -u**2 + 2*u - 1. Let t(s) = a(s) + 2*p(s). Give t(f).
10
Let t(b) = -4*b**3 - 2*b**2 - 2*b + 2. Let h(z) = 11*z**3 + 6*z**2 + 5*z - 5. Let l(k) = 3*h(k) + 8*t(k). Determine l(-3).
-5
Let h be (44/66 - (-2)/(-6))*(-2 + 2). Let c(u) = -u**3 - u**2 - u + 22. Give c(h).
22
Let c(s) be the first derivative of -s**4/4 + s**3/6 - s**2/2 - 7*s + 7. Let k(f) be the first derivative of c(f). Suppose -2*h + 8 = 4. Determine k(h).
-11
Let c(p) = 200*p**3 + p - 403*p**3 - p**2 + 204*p**3 - 8*p**2. Let o be 135/10 - (-1)/(-2). Let b = o - 4. Determine c(b).
9
Let s(n) be the first derivative of n**2/2 + 7. Let t(b) = -b**3 + 2*b**2 + 2*b + 6. Let k(m) = -m**2 + 6*m + 3. Let q be k(6). Let x be t(q). Give s(x).
3
Let t(d) = d**3 + 11*d**2 + 10*d + 3. Let m be 867/(-17)*20/(-6). Suppose -2*o = 15*o + m. Determine t(o).
3
Let o(v) = -76*v + 528. Let l be o(6). Let h be (-1)/((2/(-6))/((-24)/l)). Let a(k) = 3 + 0 - 2*k - 4 + 11*k**2. Calculate a(h).
12
Let g(b) = -b - 3. Suppose -9*u + 864 = -13*u. Let t = -221 - u. Determine g(t).
2
Suppose -s + 53 = -4*r, -2*r - s = -0*r + 25. Let o = 24 + r. Let t = -14 + o. Let b(c) = 3*c - 2. Calculate b(t).
-11
Let s(i) be the first derivative of 6*i - 11/2*i**2 - 103 - 1/3*i**3. What is s(-11)?
6
Let o(d) be the first derivative of 3*d**2/2 + 26*d - 694. Give o(-8).
2
Let g = 165 + -150. Suppose 49 = 16*i - g. Let n(p) = -2*p**2 + 2*p - 4. Give n(i).
-28
Let r(i) = -112 + 24*i - 106 + 359 - 138. Give r(-1).
-21
Let x(h) = 11*h**3 + 6*h**2 - 15*h - 9. Let j(o) = 5*o**3 + 3*o**2 - 7*o - 4. Let q(v) = -9*j(v) + 4*x(v). Let u be 2/7 + (-815)/35. Let g = -21 - u. Give q(g).
-14
Let o(r) = 37*r + 393. Let z(a) = -40*a - 395. Let p(h) = 6*o(h) + 7*z(h). Determine p(-7).
-1
Let p(m) = 40*m**2 + 40*m + 15. Let v(y) = -21*y**2 - 24*y - 8. Let f(q) = 6*p(q) + 11*v(q). What is f(3)?
11
Suppose -65 = -34*h + 275. Suppose 0 = -h*d + 7*d. Let j(g) = -g + 7. Let a(k) = 2*k - 13. Let v(c) = -3*a(c) - 5*j(c). Calculate v(d).
4
Let q(y) be the second derivative of y**5/20 - y**4/6 - 7*y**3/3 + 16*y**2 - y - 2. Calculate q(2).
4
Let x(k) = k**2 - 4*k - 3. Let z be x(8). Suppose -14 = -5*g - z. Let n(q) = 2*q + 2. Give n(g).
-4
Let u = 15226 - 15226. Let g(d) = -13*d + 70. What is g(u)?
70
Let g(k) = k**3 - k**2 + 12*k + 1. Let z(o) = 2*o**3 - 4*o**2 + 30*o + 4. Let j(p) = 3*g(p) - z(p). Determine j(-3).
-37
Let s(h) = h**2 - 1. Suppose 2064 = -48*k + 64*k. Let y = 131 - k. Calculate s(y).
3
Let j = -163 + 173. Suppose -2*c = -5*x + 44, 5*x - 4*c = 58 - j. Let b(y) = y**3 - 7*y**2 - 10*y + 11. Calculate b(x).
-5
Suppose g = -4*j - 7, 4*g + 6*j - 2*j - 8 = 0. Let z(n) = -4*n + 3. Let m be ((-3)/6)/(-1)*2. Let w(i) = -i - 1. Let l(q) = m*z(q) - 2*w(q). What is l(g)?
-5
Let z(w) = -2*w - 1. Suppose 2*m + 3*n = -74, -3*m - m = 4*n + 148. Let r = m + 40. Suppose -2*k + k - 2*d - 1 = 0, 3*k - r*d - 6 = 0. Calculate z(k).
-3
Suppose 4*q = -16, -f + 4*q - 11 = -4*f. Let a(y) be the third derivative of 0 + 1/3*y**4 + 0*y + 3/2*y**3 + y**2 - 1/60*y**5. Calculate a(f).
0
Let j(u) = -6406*u - 1 + 6405*u + 136*u**2 - 143*u**2. Calculate j(1).
-9
Let b be (308/8)/((-3)/(-18)). Let g(i) = 2*i**2 + b*i - 3*i**2 - 117*i - 120*i. Calculate g(-5).
5
Let d(y) = -y**2 - 7*y - 3. Let i be 11310/(-260)*1*2/(-3). Suppose -2*c - g = i - 9, 3*g = c - 4. Determine d(c).
-11
Let c(s) = -9*s**3 - 5*s**2 - 4*s + 1. Let q = -860 + 859. Calculate c(q).
9
Suppose -4*d + 0*p - 1 = -p, 2*p + 5 = d. Let q be (d + 3)*(-60)/(-8). Suppose 13*m - q = 16*m. Let i(a) = a**2 + 2*a - 7. Determine i(m).
8
Suppose -3*n = -6, 2*o - 4*n = -2*o + 36. Let f(u) = -u**3 + 10*u**2 + 7*u + 40. Determine f(o).
-4
Let z(a) = 13*a - 11. Let n(f) = -28*f + 28. Let b(x) = -6*n(x) - 13*z(x). Give b(-12).
-13
Let f be 2/45 - 13400/(-2250). Let p(b) = b**3 - 9*b**2 + 21*b - 22. Give p(f).
-4
Let o(k) = 6 + 41 + 100*k**2 - 1 + 107*k**2. Let s(m) = 26*m**2 + 6. Let p(u) = 3*o(u) - 23*s(u). Determine p(-1).
23
Let w(k) be the second derivative of -k**4/6 + 10*k**3 - 27*k**2 + k + 132. Calculate w(29).
4
Let t(n) be the second derivative of n**4/12 + 5*n**3/6 + 6*n**2 - 58*n. Determine t(0).
12
Suppose 2*i = b - 8, b = -3*b + i + 32. Suppose -a - b = -2*x - 0, -2*a + 2*x = 6. Let k(n) = -n**a - n + n**2 - n**2. What is k(0)?
0
Let v(d) be the second derivative of d**5/20 + 3*d**4/4 + 7*d**3/3 + 4*d**2 + 3*d - 330. What is v(-6)?
32
Let v(b) = -b**2 + 8*b - 13. Suppose -13 = -3*h + 5*r, 685 - 696 = -h - 5*r. Determine v(h).
-1
Let t(u) = 2*u + 24. Let n = -4385 + 4368. What is t(n)?
-10
Let m(t) = -t**3 - 20*t**2 - 18*t - 3. Suppose 46*h - 2 = -62 - 814. Calculate m(h).
-22
Let y(s) be the second derivative of -23*s**3/6 - 56*s**2 - 1087*s. Calculate y(-5).
3
Let r(o) = -4 + 0 + 3 + 5*o + o**2. Suppose 4*a - 4*v - 112 = 0, 65 = 2*a - 2*v - 3*v. Suppose a*k = 26*k + 5. What is r(k)?
-1
Let d(l) = -17*l + 8. Let n = 8959 - 8960. What is d(n)?
25
Suppose 13*u - 5*u + 24 = 0. Let t be (-18)/(-7)*(u - -10) - 0. Let p(n) = -n - 5*n**3 + 3 - 10*n**3 + 3*n + 3*n**2 + t*n**3. Determine p(-2).
-13
Let q(d) = -d**3 + 24*d**2 - 27. Let c(i) = -79*i - 6928. Let s be c(-88). What is q(s)?
-27
Let y = 0 + 0. Let d(j) be the third derivative of -j**5/60 - j**4/12 - j**3/3 - 15*j**2 + 211*j. Determine d(y).
-2
Suppose -5*x + 2590 = -5*d, -2*d = d + 15. Let w(i) = -x + 6*i + 512 - 3*i - 7*i. Calculate w(1).
-5
Suppose -1916*x + 1880*x = -252. Let c(r) = -9*r + 51. Give c(x).
-12
Let x = 2879 + -2879. Let j(i) be the second derivative of 0*i**4 - 3/20*i**5 + 0*i**2 + x - 6*i + 0*i**3. What is j(1)?
-3
Suppose 5*f = 8*f + 18. Let c(b) = -38 - 7 + 3*b + 36. Let l(k) = -3*k + 10. Let o(g) = f*c(g) - 5*l(g). Determine o(3).
-5
Let p(v) be the second derivative of v**5/20 - v**4/12 - v**3/3 - 76*v. Let o = -8 + 20. Suppose -3*i + o = i. Calculate p(i).
12
Let b(u) = u**3 - 1 - 101*u - 7*u**2 - 3 + 109*u. Let j(x) = 2*x + 13. Let q be j(-4). Give b(q).
-14
Let q(t) = t**2 + 36*t + 284. Let x(p) = 2*p**2 + 80*p + 276. Let k be x(-36). Determine q(k).
-4
Let b(l) = l**2 + 28*l + 186. Let w = -8438 + 8425. Determine b(w).
-9
Let d(t) = -2*t - 8. Suppose -3*r + 5*h + 65 = 6, -5*h = 2*r - 81. Let u be (-188)/r + 18/(-63). What is d(u)?
6
Let x(v) = -v + 15. Let d(i) = -i + 16. Suppose -4*w + 9 = -15. Let j(t) = w*x(t) - 5*d(t). Suppose 2866*z - 2834*z = 0. Determine j(z).
10
Let m be 2/(-6) - (-1)/(15/(-565)). Let x be 3/(6/(-9) - m/30). Suppose -x*h + 0 + 40 = 0. Let v(q) = q - 2. Determine v(h).
6
Let a(p) = 7*p + 12. Let x(w) = 9*w + 15. Suppose -2*c + 18 = 5*u, -2*u - 2*u = -8. Let o(m) = c*x(m) - 5*a(m). Determine o(4).
4
Let j(o) be the second derivative of 0 + 52*o - 3/2*o**2 + 1/6*o**3. What is j(-1)?
-4
Let z(r) = -14*r - 16. Let l = -5754 + 5758. What is z(l)?
-72
Let i(s) = -29*s**3 + 25*s**2 - 201*s - 7. Let j(n) = 7*n**3 - 6*n**2 + 48*n + 2. Let v(y) = -6*i(y) - 25*j(y). Determine v(0).
-8
Let u(x) = -x**3 - 9*x**2 - 10*x - 28. Suppose 6*q + 83 = -23*q - 149. Calculate u(q).
-12
Let v(w) be the second derivative of -w**6/120 + w**5/5 - w**4/2 + 2*w**3 + 31*w**2 + 4*w - 4. Let p(b) be the first derivative of v(b). Determine p(11).
1
Suppose 0 = 26*o - 97 - 33. Let s(u) = -u**3 - 6*u**2 + 7*u**2 - u - 3 - 5*u**2 + o. What is s(-3)?
-4
Let q(o) = -16*o + 2. Suppose 2565*a - 2548*a = -17. Give q(a).
18
Let n(y) be the third derivative of y**8/10080 + y**7/5040 - y**6/120 - y**5/5 - 33*y**2. Let u(w) be the third derivative of n(w). Determine u(0).
-6
Suppose 159*s + 4752 = 170*s. Let i = s - 430. Let l(g) be the second derivative of -g**5/20 + g**3/6 - g**2/2 - 2*g. Calculate l(i).
-7
Let g(o) = o. Suppose -21*x + 25*x = -12. Let k(w) = w**3 - 5*w**2 - 2*w + 1. Let s(r) = x*g(r